{"id":137,"date":"2023-10-02T07:15:11","date_gmt":"2023-10-02T05:15:11","guid":{"rendered":"https:\/\/katedra.sk\/folyoirat\/?post_type=katedra_folyoirat&#038;p=137"},"modified":"2023-10-03T08:12:04","modified_gmt":"2023-10-03T06:12:04","slug":"xxxi-evfolyam-2-szam","status":"publish","type":"katedra_folyoirat","link":"https:\/\/katedra.sk\/folyoirat\/katedra_folyoirat\/xxxi-evfolyam-2-szam\/","title":{"rendered":"XXXI. \u00e9vfolyam, 2. sz\u00e1m"},"content":{"rendered":"<h3><a href=\"https:\/\/katedra.sk\/folyoirat\/wp-content\/uploads\/2023\/10\/Katedra-folyoirat_31_02_02.pdf\">B\u00e1sti Andrea:<br \/>\nLegend\u00e1k \u00e1rny\u00e9k\u00e1ban<\/a><\/h3>\n<p><a href=\"https:\/\/katedra.sk\/folyoirat\/wp-content\/uploads\/2023\/10\/Katedra-folyoirat_31_02_02.pdf\">2. oldal<\/a><\/p>\n<h3><a href=\"https:\/\/katedra.sk\/folyoirat\/wp-content\/uploads\/2023\/10\/Katedra-folyoirat_31_02_03.pdf\">Elek J\u00f3zsef:<br \/>\nOkt\u00f3beri gondolatok <\/a><\/h3>\n<p><a href=\"https:\/\/katedra.sk\/folyoirat\/wp-content\/uploads\/2023\/10\/Katedra-folyoirat_31_02_03.pdf\">3. oldal<\/a><\/p>\n<h3><a href=\"https:\/\/katedra.sk\/folyoirat\/wp-content\/uploads\/2023\/10\/Katedra-folyoirat_31_02_04-06.pdf\">Csob\u00e1dy Csilla:<br \/>\nHittel, rem\u00e9nnyel, szeretettel a szlov\u00e1kiai magyar k\u00f6z\u00f6ss\u00e9g\u00e9rt.<\/a><\/h3>\n<p><a href=\"https:\/\/katedra.sk\/folyoirat\/wp-content\/uploads\/2023\/10\/Katedra-folyoirat_31_02_04-06.pdf\">4\u20136. oldal<\/a><\/p>\n<h3><a href=\"https:\/\/katedra.sk\/folyoirat\/wp-content\/uploads\/2023\/10\/Katedra-folyoirat_31_02_07-08.pdf\">Schulcz Patrik:<br \/>\nAz \u00e9lethosszig tart\u00f3 tanul\u00e1s \u00e9s a munkaer\u0151piaci alkalmazkod\u00f3k\u00e9pess\u00e9g <\/a><\/h3>\n<p><a href=\"https:\/\/katedra.sk\/folyoirat\/wp-content\/uploads\/2023\/10\/Katedra-folyoirat_31_02_07-08.pdf\">7\u20138. oldal<\/a><\/p>\n<h3><a href=\"https:\/\/katedra.sk\/folyoirat\/wp-content\/uploads\/2023\/10\/Katedra-folyoirat_31_02_09-12.pdf\">Fodor L\u00e1szl\u00f3:<br \/>\nA pedag\u00f3gus \u00e9s a tanul\u00e1s <\/a><\/h3>\n<p><a href=\"https:\/\/katedra.sk\/folyoirat\/wp-content\/uploads\/2023\/10\/Katedra-folyoirat_31_02_09-12.pdf\">9\u201312. oldal<\/a><\/p>\n<h3><a href=\"https:\/\/katedra.sk\/folyoirat\/wp-content\/uploads\/2023\/10\/Katedra-folyoirat_31_02_13-17.pdf\">Vanya Barbara:<br \/>\nA motiv\u00e1ci\u00f3 mint a tanul\u00e1s hajt\u00f3ereje<\/a><\/h3>\n<p><a href=\"https:\/\/katedra.sk\/folyoirat\/wp-content\/uploads\/2023\/10\/Katedra-folyoirat_31_02_13-17.pdf\">13\u201317. oldal<\/a><\/p>\n<h3><a href=\"https:\/\/katedra.sk\/folyoirat\/wp-content\/uploads\/2023\/10\/Katedra-folyoirat_31_02_18-19.pdf\">Csicsay Alajos:<br \/>\nE\u00f6tv\u00f6s J\u00f3zsef feledhetetlen \u00e9rdemei<\/a><\/h3>\n<p><a href=\"https:\/\/katedra.sk\/folyoirat\/wp-content\/uploads\/2023\/10\/Katedra-folyoirat_31_02_18-19.pdf\">18\u201319. oldal<\/a><\/p>\n<h3><a href=\"https:\/\/katedra.sk\/folyoirat\/wp-content\/uploads\/2023\/10\/Katedra-folyoirat_31_02_20-24.pdf\">Heverdle P\u00e9tern\u00e9 K\u00f6ncse Kriszta:<br \/>\nPet\u0151fi S\u00e1ndor verseinek folkloriz\u00e1ci\u00f3ja felvid\u00e9ki n\u00e9pdalokban (2. R\u00e9sz)<\/a><\/h3>\n<p><a href=\"https:\/\/katedra.sk\/folyoirat\/wp-content\/uploads\/2023\/10\/Katedra-folyoirat_31_02_20-24.pdf\">20\u201324. oldal<\/a><\/p>\n<h3><a href=\"https:\/\/katedra.sk\/folyoirat\/wp-content\/uploads\/2023\/10\/Katedra-folyoirat_31_02_25-27.pdf\">S\u0151nfeld M\u00e1ty\u00e1s:<br \/>\nA Zenebatyu \u00e9lm\u00e9nyprogram az \u00f3vod\u00e1ban \u00e9s az 1-2. oszt\u00e1lyban (5. R\u00e9sz)<\/a><\/h3>\n<p><a href=\"https:\/\/katedra.sk\/folyoirat\/wp-content\/uploads\/2023\/10\/Katedra-folyoirat_31_02_25-27.pdf\">25\u201327. oldal<\/a><\/p>\n<h3><a href=\"https:\/\/katedra.sk\/folyoirat\/wp-content\/uploads\/2023\/10\/Katedra-folyoirat_31_02_28-30.pdf\">Bez\u00e1nyi-Thur\u00f3czy Fl\u00f3ra:<br \/>\nA modern t\u00e1rsasj\u00e1t\u00e9kok bearanyozhatj\u00e1k az iskolai \u00f3r\u00e1k ut\u00e1ni k\u00f6z\u00f6s id\u0151t!<\/a><\/h3>\n<p><a href=\"https:\/\/katedra.sk\/folyoirat\/wp-content\/uploads\/2023\/10\/Katedra-folyoirat_31_02_28-30.pdf\">28\u201330. oldal<\/a><\/p>\n<h3><a href=\"https:\/\/katedra.sk\/folyoirat\/wp-content\/uploads\/2023\/10\/Katedra-folyoirat_31_02_31-35.pdf\">T\u00f3th Tar \u00c9va:<br \/>\nAz ember \u00e9s a term\u00e9szet (4. R\u00e9sz)<\/a><\/h3>\n<p><a href=\"https:\/\/katedra.sk\/folyoirat\/wp-content\/uploads\/2023\/10\/Katedra-folyoirat_31_02_31-35.pdf\">31\u201335. oldal<\/a><\/p>\n<h3><a href=\"https:\/\/katedra.sk\/folyoirat\/wp-content\/uploads\/2023\/10\/Katedra-folyoirat_31_02_36-37.pdf\">Csicsay Alajos:<br \/>\nGondolkodnak-e a n\u00f6v\u00e9nyek?<\/a><\/h3>\n<p><a href=\"https:\/\/katedra.sk\/folyoirat\/wp-content\/uploads\/2023\/10\/Katedra-folyoirat_31_02_36-37.pdf\">36-37. oldal<\/a><\/p>\n<h3><a href=\"https:\/\/katedra.sk\/folyoirat\/wp-content\/uploads\/2023\/10\/Katedra-folyoirat_31_02_38.pdf\">Balogh Kinga:<br \/>\nA l\u00e9gz\u00e9s fontoss\u00e1ga a helyes testtart\u00e1s t\u00fckr\u00e9ben<\/a><\/h3>\n<p><a href=\"https:\/\/katedra.sk\/folyoirat\/wp-content\/uploads\/2023\/10\/Katedra-folyoirat_31_02_38.pdf\">38. oldal<\/a><\/p>\n<h3><a href=\"https:\/\/katedra.sk\/folyoirat\/wp-content\/uploads\/2023\/10\/Katedra-folyoirat_31_02_40.pdf\">Iskol\u00e1k<br \/>\nFeketeny\u00e9ki Magyar Tannyelv\u0171 Alapiskola<\/a><\/h3>\n<p><a href=\"https:\/\/katedra.sk\/folyoirat\/wp-content\/uploads\/2023\/10\/Katedra-folyoirat_31_02_40.pdf\">40. oldal<\/a><\/p>\n","protected":false},"featured_media":139,"template":"","meta":{"_acf_changed":false,"_lmt_disableupdate":"","_lmt_disable":""},"evfolyam":[15],"class_list":["post-137","katedra_folyoirat","type-katedra_folyoirat","status-publish","has-post-thumbnail","hentry","evfolyam-xxxi-evfolyam"],"acf":[],"_links":{"self":[{"href":"https:\/\/katedra.sk\/folyoirat\/wp-json\/wp\/v2\/katedra_folyoirat\/137","targetHints":{"allow":["GET"]}}],"collection":[{"href":"https:\/\/katedra.sk\/folyoirat\/wp-json\/wp\/v2\/katedra_folyoirat"}],"about":[{"href":"https:\/\/katedra.sk\/folyoirat\/wp-json\/wp\/v2\/types\/katedra_folyoirat"}],"wp:featuredmedia":[{"embeddable":true,"href":"https:\/\/katedra.sk\/folyoirat\/wp-json\/wp\/v2\/media\/139"}],"wp:attachment":[{"href":"https:\/\/katedra.sk\/folyoirat\/wp-json\/wp\/v2\/media?parent=137"}],"wp:term":[{"taxonomy":"evfolyam","embeddable":true,"href":"https:\/\/katedra.sk\/folyoirat\/wp-json\/wp\/v2\/evfolyam?post=137"}],"curies":[{"name":"wp","href":"https:\/\/api.w.org\/{rel}","templated":true}]}}

XXXI. évfolyam, 2. szám

<h3><a href="https://katedra.sk/folyoirat/wp-content/uploads/2023/10/Katedra-folyoirat_31_02_02.pdf">Básti Andrea:<br />
Legendák árnyékában</a></h3>
<p><a href="https://katedra.sk/folyoirat/wp-content/uploads/2023/10/Katedra-folyoirat_31_02_02.pdf">2. oldal</a></p>
<h3><a href="https://katedra.sk/folyoirat/wp-content/uploads/2023/10/Katedra-folyoirat_31_02_03.pdf">Elek József:<br />
Októberi gondolatok </a></h3>
<p><a href="https://katedra.sk/folyoirat/wp-content/uploads/2023/10/Katedra-folyoirat_31_02_03.pdf">3. oldal</a></p>
<h3><a href="https://katedra.sk/folyoirat/wp-content/uploads/2023/10/Katedra-folyoirat_31_02_04-06.pdf">Csobády Csilla:<br />
Hittel, reménnyel, szeretettel a szlovákiai magyar közösségért.</a></h3>
<p><a href="https://katedra.sk/folyoirat/wp-content/uploads/2023/10/Katedra-folyoirat_31_02_04-06.pdf">4–6. oldal</a></p>
<h3><a href="https://katedra.sk/folyoirat/wp-content/uploads/2023/10/Katedra-folyoirat_31_02_07-08.pdf">Schulcz Patrik:<br />
Az élethosszig tartó tanulás és a munkaerőpiaci alkalmazkodóképesség </a></h3>
<p><a href="https://katedra.sk/folyoirat/wp-content/uploads/2023/10/Katedra-folyoirat_31_02_07-08.pdf">7–8. oldal</a></p>
<h3><a href="https://katedra.sk/folyoirat/wp-content/uploads/2023/10/Katedra-folyoirat_31_02_09-12.pdf">Fodor László:<br />
A pedagógus és a tanulás </a></h3>
<p><a href="https://katedra.sk/folyoirat/wp-content/uploads/2023/10/Katedra-folyoirat_31_02_09-12.pdf">9–12. oldal</a></p>
<h3><a href="https://katedra.sk/folyoirat/wp-content/uploads/2023/10/Katedra-folyoirat_31_02_13-17.pdf">Vanya Barbara:<br />
A motiváció mint a tanulás hajtóereje</a></h3>
<p><a href="https://katedra.sk/folyoirat/wp-content/uploads/2023/10/Katedra-folyoirat_31_02_13-17.pdf">13–17. oldal</a></p>
<h3><a href="https://katedra.sk/folyoirat/wp-content/uploads/2023/10/Katedra-folyoirat_31_02_18-19.pdf">Csicsay Alajos:<br />
Eötvös József feledhetetlen érdemei</a></h3>
<p><a href="https://katedra.sk/folyoirat/wp-content/uploads/2023/10/Katedra-folyoirat_31_02_18-19.pdf">18–19. oldal</a></p>
<h3><a href="https://katedra.sk/folyoirat/wp-content/uploads/2023/10/Katedra-folyoirat_31_02_20-24.pdf">Heverdle Péterné Köncse Kriszta:<br />
Petőfi Sándor verseinek folklorizációja felvidéki népdalokban (2. Rész)</a></h3>
<p><a href="https://katedra.sk/folyoirat/wp-content/uploads/2023/10/Katedra-folyoirat_31_02_20-24.pdf">20–24. oldal</a></p>
<h3><a href="https://katedra.sk/folyoirat/wp-content/uploads/2023/10/Katedra-folyoirat_31_02_25-27.pdf">Sőnfeld Mátyás:<br />
A Zenebatyu élményprogram az óvodában és az 1-2. osztályban (5. Rész)</a></h3>
<p><a href="https://katedra.sk/folyoirat/wp-content/uploads/2023/10/Katedra-folyoirat_31_02_25-27.pdf">25–27. oldal</a></p>
<h3><a href="https://katedra.sk/folyoirat/wp-content/uploads/2023/10/Katedra-folyoirat_31_02_28-30.pdf">Bezányi-Thuróczy Flóra:<br />
A modern társasjátékok bearanyozhatják az iskolai órák utáni közös időt!</a></h3>
<p><a href="https://katedra.sk/folyoirat/wp-content/uploads/2023/10/Katedra-folyoirat_31_02_28-30.pdf">28–30. oldal</a></p>
<h3><a href="https://katedra.sk/folyoirat/wp-content/uploads/2023/10/Katedra-folyoirat_31_02_31-35.pdf">Tóth Tar Éva:<br />
Az ember és a természet (4. Rész)</a></h3>
<p><a href="https://katedra.sk/folyoirat/wp-content/uploads/2023/10/Katedra-folyoirat_31_02_31-35.pdf">31–35. oldal</a></p>
<h3><a href="https://katedra.sk/folyoirat/wp-content/uploads/2023/10/Katedra-folyoirat_31_02_36-37.pdf">Csicsay Alajos:<br />
Gondolkodnak-e a növények?</a></h3>
<p><a href="https://katedra.sk/folyoirat/wp-content/uploads/2023/10/Katedra-folyoirat_31_02_36-37.pdf">36-37. oldal</a></p>
<h3><a href="https://katedra.sk/folyoirat/wp-content/uploads/2023/10/Katedra-folyoirat_31_02_38.pdf">Balogh Kinga:<br />
A légzés fontossága a helyes testtartás tükrében</a></h3>
<p><a href="https://katedra.sk/folyoirat/wp-content/uploads/2023/10/Katedra-folyoirat_31_02_38.pdf">38. oldal</a></p>
<h3><a href="https://katedra.sk/folyoirat/wp-content/uploads/2023/10/Katedra-folyoirat_31_02_40.pdf">Iskolák<br />
Feketenyéki Magyar Tannyelvű Alapiskola</a></h3>
<p><a href="https://katedra.sk/folyoirat/wp-content/uploads/2023/10/Katedra-folyoirat_31_02_40.pdf">40. oldal</a></p>
