{"id":209,"date":"2023-10-03T06:26:35","date_gmt":"2023-10-03T04:26:35","guid":{"rendered":"https:\/\/katedra.sk\/folyoirat\/?page_id=209"},"modified":"2023-10-03T06:27:02","modified_gmt":"2023-10-03T04:27:02","slug":"elerhetoseg","status":"publish","type":"page","link":"https:\/\/katedra.sk\/folyoirat\/elerhetoseg\/","title":{"rendered":"El\u00e9rhet\u0151s\u00e9g"},"content":{"rendered":"<p><strong>Katedra foly\u00f3irat<\/strong><br \/>\nOkt\u00f3ber utca 1493\/10<br \/>\n(Okt\u00f3brov\u00e1 1493\/10)<br \/>\n929 01 Dunaszerdahely<br \/>\n929 01\u00a0(Dunajsk\u00e1 Streda)<\/p>\n<p><strong>Tel.:<\/strong> 00421 (0)907 212 393<\/p>\n<p><strong>E-mail:<\/strong><a href=\"mailto:katedra.szerkesztoseg@gmail.com\"> katedra\u200b.szerkesztoseg@\u200bgmail.\u200bcom<\/a><\/p>\n<p><strong>Honlap:<\/strong>\u00a0<a href=\"https:\/\/katedra.sk\/\">https:\/\/\u200bkatedra.\u200bsk<\/a><\/p>\n<p><strong>I\u010cO:<\/strong> 54187524<br \/>\n<strong>DI\u010c:<\/strong> 2121615617<\/p>\n<p><iframe style=\"border: 0;\" src=\"https:\/\/www.google.com\/maps\/embed?pb=!1m18!1m12!1m3!1d2669.8794668707415!2d17.598313692062003!3d47.9967164867795!2m3!1f0!2f0!3f0!3m2!1i1024!2i768!4f13.1!3m3!1m2!1s0x476b9d5bcb24e4ad%3A0xfbd6441ee7d034c3!2zT2t0w7Nicm92w6EgMTQ5My8xMCwgOTI5IDAxIER1bmFqc2vDoSBTdHJlZGE!5e0!3m2!1shu!2ssk!4v1696307139798!5m2!1shu!2ssk\" width=\"600\" height=\"450\" allowfullscreen=\"allowfullscreen\"><\/iframe><\/p>\n","protected":false},"excerpt":{"rendered":"<p>Katedra foly\u00f3irat Okt\u00f3ber utca 1493\/10 (Okt\u00f3brov\u00e1 1493\/10) 929 01 Dunaszerdahely 929 01\u00a0(Dunajsk\u00e1 Streda) Tel.: 00421 (0)907 212 393 E-mail: katedra\u200b.szerkesztoseg@\u200bgmail.\u200bcom Honlap:\u00a0https:\/\/\u200bkatedra.\u200bsk I\u010cO: 54187524 DI\u010c: 2121615617<\/p>\n","protected":false},"author":1,"featured_media":0,"parent":0,"menu_order":0,"comment_status":"closed","ping_status":"closed","template":"","meta":{"_acf_changed":false,"_lmt_disableupdate":"","_lmt_disable":"","footnotes":""},"class_list":["post-209","page","type-page","status-publish","hentry"],"acf":[],"_links":{"self":[{"href":"https:\/\/katedra.sk\/folyoirat\/wp-json\/wp\/v2\/pages\/209","targetHints":{"allow":["GET"]}}],"collection":[{"href":"https:\/\/katedra.sk\/folyoirat\/wp-json\/wp\/v2\/pages"}],"about":[{"href":"https:\/\/katedra.sk\/folyoirat\/wp-json\/wp\/v2\/types\/page"}],"author":[{"embeddable":true,"href":"https:\/\/katedra.sk\/folyoirat\/wp-json\/wp\/v2\/users\/1"}],"replies":[{"embeddable":true,"href":"https:\/\/katedra.sk\/folyoirat\/wp-json\/wp\/v2\/comments?post=209"}],"version-history":[{"count":0,"href":"https:\/\/katedra.sk\/folyoirat\/wp-json\/wp\/v2\/pages\/209\/revisions"}],"wp:attachment":[{"href":"https:\/\/katedra.sk\/folyoirat\/wp-json\/wp\/v2\/media?parent=209"}],"curies":[{"name":"wp","href":"https:\/\/api.w.org\/{rel}","templated":true}]}}