{"id":445,"date":"2023-09-02T17:50:03","date_gmt":"2023-09-02T15:50:03","guid":{"rendered":"http:\/\/katedra.akrisagency.eu\/?post_type=anyanyelvi-vetelkedo&#038;p=445"},"modified":"2023-09-20T09:31:51","modified_gmt":"2023-09-20T07:31:51","slug":"kapcsolat","status":"publish","type":"anyanyelvi-vetelkedo","link":"https:\/\/katedra.sk\/versenyek\/anyanyelvi-vetelkedo\/kapcsolat\/","title":{"rendered":"Kapcsolat"},"content":{"rendered":"\t\t<div data-elementor-type=\"wp-post\" data-elementor-id=\"445\" class=\"elementor elementor-445\" data-elementor-post-type=\"anyanyelvi-vetelkedo\">\n\t\t\t\t<div class=\"elementor-element elementor-element-29eee29 e-con-full e-flex e-con e-parent\" data-id=\"29eee29\" data-element_type=\"container\" data-e-type=\"container\">\n\t\t\t\t<div class=\"elementor-element elementor-element-973163e elementor-widget elementor-widget-heading\" data-id=\"973163e\" data-element_type=\"widget\" data-e-type=\"widget\" data-widget_type=\"heading.default\">\n\t\t\t\t<div class=\"elementor-widget-container\">\n\t\t\t\t\t<h3 class=\"elementor-heading-title elementor-size-default\">A feladatlapok \u00f6ssze\u00e1ll\u00edt\u00f3ja \u00e9s \u00e9rt\u00e9kel\u0151je:<\/h3>\t\t\t\t<\/div>\n\t\t\t\t<\/div>\n\t\t<div class=\"elementor-element elementor-element-af90bc2 e-con-full e-flex e-con e-child\" data-id=\"af90bc2\" data-element_type=\"container\" data-e-type=\"container\">\n\t\t\t\t<div class=\"elementor-element elementor-element-ee0a07a elementor-widget elementor-widget-image\" data-id=\"ee0a07a\" data-element_type=\"widget\" data-e-type=\"widget\" data-widget_type=\"image.default\">\n\t\t\t\t<div class=\"elementor-widget-container\">\n\t\t\t\t\t\t\t\t\t\t\t\t\t\t\t<img decoding=\"async\" width=\"150\" height=\"150\" src=\"https:\/\/katedra.sk\/versenyek\/wp-content\/uploads\/2023\/09\/Kapcsolat_Orisko_Eva-150x150.jpg\" class=\"attachment-thumbnail size-thumbnail wp-image-447\" alt=\"\" srcset=\"https:\/\/katedra.sk\/versenyek\/wp-content\/uploads\/2023\/09\/Kapcsolat_Orisko_Eva-150x150.jpg 150w, https:\/\/katedra.sk\/versenyek\/wp-content\/uploads\/2023\/09\/Kapcsolat_Orisko_Eva-300x300.jpg 300w, https:\/\/katedra.sk\/versenyek\/wp-content\/uploads\/2023\/09\/Kapcsolat_Orisko_Eva-80x80.jpg 80w, https:\/\/katedra.sk\/versenyek\/wp-content\/uploads\/2023\/09\/Kapcsolat_Orisko_Eva.jpg 500w\" sizes=\"(max-width: 150px) 100vw, 150px\" \/>\t\t\t\t\t\t\t\t\t\t\t\t\t\t\t<\/div>\n\t\t\t\t<\/div>\n\t\t<div class=\"elementor-element elementor-element-a2a1a3c e-con-full e-flex e-con e-child\" data-id=\"a2a1a3c\" data-element_type=\"container\" data-e-type=\"container\">\n\t\t\t\t<div class=\"elementor-element elementor-element-e67ecf5 elementor-widget elementor-widget-heading\" data-id=\"e67ecf5\" data-element_type=\"widget\" data-e-type=\"widget\" data-widget_type=\"heading.default\">\n\t\t\t\t<div class=\"elementor-widget-container\">\n\t\t\t\t\t<h4 class=\"elementor-heading-title elementor-size-default\">Mgr. Orisko \u00c9va <\/h4>\t\t\t\t<\/div>\n\t\t\t\t<\/div>\n\t\t\t\t<div class=\"elementor-element elementor-element-91b993a elementor-widget elementor-widget-text-editor\" data-id=\"91b993a\" data-element_type=\"widget\" data-e-type=\"widget\" data-widget_type=\"text-editor.default\">\n\t\t\t\t<div class=\"elementor-widget-container\">\n\t\t\t\t\t\t\t\t\t<p>A di\u00f3sf\u00f6rgepatonyi M\u00f3ricz Zsigmond Alapiskola \u00e9s \u00d3voda magyar\u2013t\u00f6rt\u00e9nelem szakos pedag\u00f3gusa vagyok. Felk\u00e9sz\u00edt\u0151 tan\u00e1rk\u00e9nt di\u00e1kjaimmal szinte a kezdetekt\u0151l bekapcsol\u00f3dtam a Katedra Irodalomversenybe \u00e9s az anyanyelvi vet\u00e9lked\u0151be, s minden alkalommal a d\u00f6nt\u0151ig jutottunk. A 2023\/2024-es iskolai \u00e9vt\u0151l a P\u00e9nzes Istv\u00e1n Anyanyelvi Vet\u00e9lked\u0151 rovatvezet\u0151jek\u00e9nt igyekszem min\u00e9l t\u00f6bb kreat\u00edv, \u00f6tletes, j\u00e1t\u00e9kos feladattal ell\u00e1tni a versenyz\u0151ket.<\/p>\t\t\t\t\t\t\t\t<\/div>\n\t\t\t\t<\/div>\n\t\t\t\t<div class=\"elementor-element elementor-element-d0080b4 bekuldes elementor-widget elementor-widget-text-editor\" data-id=\"d0080b4\" data-element_type=\"widget\" data-e-type=\"widget\" data-widget_type=\"text-editor.default\">\n\t\t\t\t<div class=\"elementor-widget-container\">\n\t\t\t\t\t\t\t\t\t<p>930 16 Vydrany 285<\/p>\t\t\t\t\t\t\t\t<\/div>\n\t\t\t\t<\/div>\n\t\t\t\t<div class=\"elementor-element elementor-element-4c248a1 elementor-icon-list--layout-traditional elementor-list-item-link-full_width elementor-widget elementor-widget-icon-list\" data-id=\"4c248a1\" data-element_type=\"widget\" data-e-type=\"widget\" data-widget_type=\"icon-list.default\">\n\t\t\t\t<div class=\"elementor-widget-container\">\n\t\t\t\t\t\t\t<ul class=\"elementor-icon-list-items\">\n\t\t\t\t\t\t\t<li class=\"elementor-icon-list-item\">\n\t\t\t\t\t\t\t\t\t\t\t<a href=\"mailto:katedra.anyanyelvi.vetelkedo@gmail.com%20\">\n\n\t\t\t\t\t\t\t\t\t\t\t\t<span class=\"elementor-icon-list-icon\">\n\t\t\t\t\t\t\t<i aria-hidden=\"true\" class=\"far fa-envelope\"><\/i>\t\t\t\t\t\t<\/span>\n\t\t\t\t\t\t\t\t\t\t<span class=\"elementor-icon-list-text\">katedra.anyanyelvi.vetelkedo@gmail.com <\/span>\n\t\t\t\t\t\t\t\t\t\t\t<\/a>\n\t\t\t\t\t\t\t\t\t<\/li>\n\t\t\t\t\t\t<\/ul>\n\t\t\t\t\t\t<\/div>\n\t\t\t\t<\/div>\n\t\t\t\t<\/div>\n\t\t\t\t<\/div>\n\t\t\t\t<\/div>\n\t\t\t\t<\/div>\n\t\t","protected":false},"featured_media":0,"parent":0,"menu_order":0,"template":"","class_list":["post-445","anyanyelvi-vetelkedo","type-anyanyelvi-vetelkedo","status-publish","hentry"],"acf":[],"_links":{"self":[{"href":"https:\/\/katedra.sk\/versenyek\/wp-json\/wp\/v2\/anyanyelvi-vetelkedo\/445","targetHints":{"allow":["GET"]}}],"collection":[{"href":"https:\/\/katedra.sk\/versenyek\/wp-json\/wp\/v2\/anyanyelvi-vetelkedo"}],"about":[{"href":"https:\/\/katedra.sk\/versenyek\/wp-json\/wp\/v2\/types\/anyanyelvi-vetelkedo"}],"version-history":[{"count":9,"href":"https:\/\/katedra.sk\/versenyek\/wp-json\/wp\/v2\/anyanyelvi-vetelkedo\/445\/revisions"}],"predecessor-version":[{"id":858,"href":"https:\/\/katedra.sk\/versenyek\/wp-json\/wp\/v2\/anyanyelvi-vetelkedo\/445\/revisions\/858"}],"wp:attachment":[{"href":"https:\/\/katedra.sk\/versenyek\/wp-json\/wp\/v2\/media?parent=445"}],"curies":[{"name":"wp","href":"https:\/\/api.w.org\/{rel}","templated":true}]}}

<div data-elementor-type="wp-post" data-elementor-id="445" class="elementor elementor-445" data-elementor-post-type="anyanyelvi-vetelkedo">
				<div class="elementor-element elementor-element-29eee29 e-con-full e-flex e-con e-parent" data-id="29eee29" data-element_type="container" data-e-type="container">
				<div class="elementor-element elementor-element-973163e elementor-widget elementor-widget-heading" data-id="973163e" data-element_type="widget" data-e-type="widget" data-widget_type="heading.default">
				<div class="elementor-widget-container">
					<h3 class="elementor-heading-title elementor-size-default">A feladatlapok összeállítója és értékelője:</h3>				</div>
				</div>
		<div class="elementor-element elementor-element-af90bc2 e-con-full e-flex e-con e-child" data-id="af90bc2" data-element_type="container" data-e-type="container">
				<div class="elementor-element elementor-element-ee0a07a elementor-widget elementor-widget-image" data-id="ee0a07a" data-element_type="widget" data-e-type="widget" data-widget_type="image.default">
				<div class="elementor-widget-container">
															<img decoding="async" width="150" height="150" src="https://katedra.sk/versenyek/wp-content/uploads/2023/09/Kapcsolat_Orisko_Eva-150x150.jpg" class="attachment-thumbnail size-thumbnail wp-image-447" alt="" srcset="https://katedra.sk/versenyek/wp-content/uploads/2023/09/Kapcsolat_Orisko_Eva-150x150.jpg 150w, https://katedra.sk/versenyek/wp-content/uploads/2023/09/Kapcsolat_Orisko_Eva-300x300.jpg 300w, https://katedra.sk/versenyek/wp-content/uploads/2023/09/Kapcsolat_Orisko_Eva-80x80.jpg 80w, https://katedra.sk/versenyek/wp-content/uploads/2023/09/Kapcsolat_Orisko_Eva.jpg 500w" sizes="(max-width: 150px) 100vw, 150px" />															</div>
				</div>
		<div class="elementor-element elementor-element-a2a1a3c e-con-full e-flex e-con e-child" data-id="a2a1a3c" data-element_type="container" data-e-type="container">
				<div class="elementor-element elementor-element-e67ecf5 elementor-widget elementor-widget-heading" data-id="e67ecf5" data-element_type="widget" data-e-type="widget" data-widget_type="heading.default">
				<div class="elementor-widget-container">
					<h4 class="elementor-heading-title elementor-size-default">Mgr. Orisko Éva </h4>				</div>
				</div>
				<div class="elementor-element elementor-element-91b993a elementor-widget elementor-widget-text-editor" data-id="91b993a" data-element_type="widget" data-e-type="widget" data-widget_type="text-editor.default">
				<div class="elementor-widget-container">
									<p>A diósförgepatonyi Móricz Zsigmond Alapiskola és Óvoda magyar–történelem szakos pedagógusa vagyok. Felkészítő tanárként diákjaimmal szinte a kezdetektől bekapcsolódtam a Katedra Irodalomversenybe és az anyanyelvi vetélkedőbe, s minden alkalommal a döntőig jutottunk. A 2023/2024-es iskolai évtől a Pénzes István Anyanyelvi Vetélkedő rovatvezetőjeként igyekszem minél több kreatív, ötletes, játékos feladattal ellátni a versenyzőket.</p>								</div>
				</div>
				<div class="elementor-element elementor-element-d0080b4 bekuldes elementor-widget elementor-widget-text-editor" data-id="d0080b4" data-element_type="widget" data-e-type="widget" data-widget_type="text-editor.default">
				<div class="elementor-widget-container">
									<p>930 16 Vydrany 285</p>								</div>
				</div>
				<div class="elementor-element elementor-element-4c248a1 elementor-icon-list--layout-traditional elementor-list-item-link-full_width elementor-widget elementor-widget-icon-list" data-id="4c248a1" data-element_type="widget" data-e-type="widget" data-widget_type="icon-list.default">
				<div class="elementor-widget-container">
							<ul class="elementor-icon-list-items">
							<li class="elementor-icon-list-item">
											<a href="mailto:katedra.anyanyelvi.vetelkedo@gmail.com%20">

												<span class="elementor-icon-list-icon">
							<i aria-hidden="true" class="far fa-envelope"></i>						</span>
										<span class="elementor-icon-list-text">katedra.anyanyelvi.vetelkedo@gmail.com </span>
											</a>
									</li>
						</ul>
						</div>
				</div>
				</div>
				</div>
				</div>
				</div>
