{"id":475,"date":"2023-09-02T18:10:11","date_gmt":"2023-09-02T16:10:11","guid":{"rendered":"http:\/\/katedra.akrisagency.eu\/?post_type=foldrajzverseny&#038;p=475"},"modified":"2024-08-21T16:45:38","modified_gmt":"2024-08-21T14:45:38","slug":"kapcsolat","status":"publish","type":"foldrajzverseny","link":"https:\/\/katedra.sk\/versenyek\/foldrajzverseny\/kapcsolat\/","title":{"rendered":"Kapcsolat"},"content":{"rendered":"\t\t<div data-elementor-type=\"wp-post\" data-elementor-id=\"475\" class=\"elementor elementor-475\" data-elementor-post-type=\"foldrajzverseny\">\n\t\t\t\t<div class=\"elementor-element elementor-element-ea58999 e-con-full e-flex e-con e-parent\" data-id=\"ea58999\" data-element_type=\"container\" data-e-type=\"container\">\n\t\t\t\t<div class=\"elementor-element elementor-element-bd6c90e elementor-widget elementor-widget-heading\" data-id=\"bd6c90e\" data-element_type=\"widget\" data-e-type=\"widget\" data-widget_type=\"heading.default\">\n\t\t\t\t<div class=\"elementor-widget-container\">\n\t\t\t\t\t<h3 class=\"elementor-heading-title elementor-size-default\">A feladatlapok \u00f6ssze\u00e1ll\u00edt\u00f3ja \u00e9s \u00e9rt\u00e9kel\u0151je:<\/h3>\t\t\t\t<\/div>\n\t\t\t\t<\/div>\n\t\t<div class=\"elementor-element elementor-element-59e11a1 e-con-full e-flex e-con e-child\" data-id=\"59e11a1\" data-element_type=\"container\" data-e-type=\"container\">\n\t\t\t\t<div class=\"elementor-element elementor-element-047317c elementor-widget elementor-widget-image\" data-id=\"047317c\" data-element_type=\"widget\" data-e-type=\"widget\" data-widget_type=\"image.default\">\n\t\t\t\t<div class=\"elementor-widget-container\">\n\t\t\t\t\t\t\t\t\t\t\t\t\t\t\t<img decoding=\"async\" width=\"150\" height=\"150\" src=\"https:\/\/katedra.sk\/versenyek\/wp-content\/uploads\/2023\/09\/Kapcsolat_Toth_Tibor-150x150.jpg\" class=\"attachment-thumbnail size-thumbnail wp-image-476\" alt=\"\" srcset=\"https:\/\/katedra.sk\/versenyek\/wp-content\/uploads\/2023\/09\/Kapcsolat_Toth_Tibor-150x150.jpg 150w, https:\/\/katedra.sk\/versenyek\/wp-content\/uploads\/2023\/09\/Kapcsolat_Toth_Tibor-300x300.jpg 300w, https:\/\/katedra.sk\/versenyek\/wp-content\/uploads\/2023\/09\/Kapcsolat_Toth_Tibor-80x80.jpg 80w, https:\/\/katedra.sk\/versenyek\/wp-content\/uploads\/2023\/09\/Kapcsolat_Toth_Tibor.jpg 500w\" sizes=\"(max-width: 150px) 100vw, 150px\" \/>\t\t\t\t\t\t\t\t\t\t\t\t\t\t\t<\/div>\n\t\t\t\t<\/div>\n\t\t<div class=\"elementor-element elementor-element-fc39d34 e-con-full e-flex e-con e-child\" data-id=\"fc39d34\" data-element_type=\"container\" data-e-type=\"container\">\n\t\t\t\t<div class=\"elementor-element elementor-element-04e8fbf elementor-widget elementor-widget-heading\" data-id=\"04e8fbf\" data-element_type=\"widget\" data-e-type=\"widget\" data-widget_type=\"heading.default\">\n\t\t\t\t<div class=\"elementor-widget-container\">\n\t\t\t\t\t<h4 class=\"elementor-heading-title elementor-size-default\">Mgr. T\u00f3th Tibor<\/h4>\t\t\t\t<\/div>\n\t\t\t\t<\/div>\n\t\t\t\t<div class=\"elementor-element elementor-element-c5ba4c7 elementor-widget elementor-widget-text-editor\" data-id=\"c5ba4c7\" data-element_type=\"widget\" data-e-type=\"widget\" data-widget_type=\"text-editor.default\">\n\t\t\t\t<div class=\"elementor-widget-container\">\n\t\t\t\t\t\t\t\t\t<p>Kom\u00e1romban dolgozom az E\u00f6tv\u00f6s Utcai Alapiskola t\u00f6rt\u00e9nelem\u2013f\u00f6ldrajz szakos tan\u00e1rak\u00e9nt 2011-t\u0151l. Ekkor m\u00e9g felk\u00e9sz\u00edt\u0151 tan\u00e1rk\u00e9nt vettem r\u00e9szt a V\u00e1mb\u00e9ry \u00c1rmin F\u00f6ldrajzversenyek fordul\u00f3in. A helyzet a 2015\/2016-os tan\u00e9vt\u0151l v\u00e1ltozott, ugyanis akkor v\u00e1llaltam el a verseny koordin\u00e1l\u00e1s\u00e1t \u00e9s a feladatok elk\u00e9sz\u00edt\u00e9s\u00e9t. T\u00f6rt\u00e9nelem \u00e9s f\u00f6ldrajz szakos tan\u00e1rk\u00e9nt fontosnak l\u00e1tom, hogy a gyerekek minden tudom\u00e1nyter\u00fcletet \u00e9rint\u0151, sz\u00e9lesk\u00f6r\u0171 ismeretekkel gazdagodjanak, mellette pedig a kreat\u00edv oldalukat is fejl\u0151d\u00e9sre b\u00edrjuk. Ezt a n\u00e9zetemet igyekszem a verseny feladatai sor\u00e1n is k\u00f6zvet\u00edteni a versenyz\u0151 di\u00e1kok \u00e9s felk\u00e9sz\u00edt\u0151 tan\u00e1raik fel\u00e9.<\/p>\t\t\t\t\t\t\t\t<\/div>\n\t\t\t\t<\/div>\n\t\t\t\t<div class=\"elementor-element elementor-element-1db583b bekuldes elementor-widget elementor-widget-text-editor\" data-id=\"1db583b\" data-element_type=\"widget\" data-e-type=\"widget\" data-widget_type=\"text-editor.default\">\n\t\t\t\t<div class=\"elementor-widget-container\">\n\t\t\t\t\t\t\t\t\t<p>Mgr. T\u00f3th Tibor<br \/>R\u00e1k\u00f3cziho 36\/34,<br \/>94501 Kom\u00e1rno<\/p><p>(a bor\u00edt\u00e9kra \u00edrj\u00e1k r\u00e1:\u00a0<em>V\u00e1mb\u00e9ry \u00c1rmin F\u00f6ldrajzverseny<\/em>)<\/p>\t\t\t\t\t\t\t\t<\/div>\n\t\t\t\t<\/div>\n\t\t\t\t<div class=\"elementor-element elementor-element-73446f5 elementor-icon-list--layout-traditional elementor-list-item-link-full_width elementor-widget elementor-widget-icon-list\" data-id=\"73446f5\" data-element_type=\"widget\" data-e-type=\"widget\" data-widget_type=\"icon-list.default\">\n\t\t\t\t<div class=\"elementor-widget-container\">\n\t\t\t\t\t\t\t<ul class=\"elementor-icon-list-items\">\n\t\t\t\t\t\t\t<li class=\"elementor-icon-list-item\">\n\t\t\t\t\t\t\t\t\t\t\t<a href=\"mailto:vambery.\u200barmin.\u200bfoldrajzverseny@\u200bgmail.\u200bcom\">\n\n\t\t\t\t\t\t\t\t\t\t\t\t<span class=\"elementor-icon-list-icon\">\n\t\t\t\t\t\t\t<i aria-hidden=\"true\" class=\"far fa-envelope\"><\/i>\t\t\t\t\t\t<\/span>\n\t\t\t\t\t\t\t\t\t\t<span class=\"elementor-icon-list-text\">vambery.\u200barmin.\u200bfoldrajzverseny@\u200bgmail.\u200bcom<\/span>\n\t\t\t\t\t\t\t\t\t\t\t<\/a>\n\t\t\t\t\t\t\t\t\t<\/li>\n\t\t\t\t\t\t<\/ul>\n\t\t\t\t\t\t<\/div>\n\t\t\t\t<\/div>\n\t\t\t\t<\/div>\n\t\t\t\t<\/div>\n\t\t\t\t<\/div>\n\t\t\t\t<\/div>\n\t\t","protected":false},"featured_media":0,"parent":0,"menu_order":0,"template":"","class_list":["post-475","foldrajzverseny","type-foldrajzverseny","status-publish","hentry"],"acf":[],"_links":{"self":[{"href":"https:\/\/katedra.sk\/versenyek\/wp-json\/wp\/v2\/foldrajzverseny\/475","targetHints":{"allow":["GET"]}}],"collection":[{"href":"https:\/\/katedra.sk\/versenyek\/wp-json\/wp\/v2\/foldrajzverseny"}],"about":[{"href":"https:\/\/katedra.sk\/versenyek\/wp-json\/wp\/v2\/types\/foldrajzverseny"}],"version-history":[{"count":9,"href":"https:\/\/katedra.sk\/versenyek\/wp-json\/wp\/v2\/foldrajzverseny\/475\/revisions"}],"predecessor-version":[{"id":4409,"href":"https:\/\/katedra.sk\/versenyek\/wp-json\/wp\/v2\/foldrajzverseny\/475\/revisions\/4409"}],"wp:attachment":[{"href":"https:\/\/katedra.sk\/versenyek\/wp-json\/wp\/v2\/media?parent=475"}],"curies":[{"name":"wp","href":"https:\/\/api.w.org\/{rel}","templated":true}]}}

<div data-elementor-type="wp-post" data-elementor-id="475" class="elementor elementor-475" data-elementor-post-type="foldrajzverseny">
				<div class="elementor-element elementor-element-ea58999 e-con-full e-flex e-con e-parent" data-id="ea58999" data-element_type="container" data-e-type="container">
				<div class="elementor-element elementor-element-bd6c90e elementor-widget elementor-widget-heading" data-id="bd6c90e" data-element_type="widget" data-e-type="widget" data-widget_type="heading.default">
				<div class="elementor-widget-container">
					<h3 class="elementor-heading-title elementor-size-default">A feladatlapok összeállítója és értékelője:</h3>				</div>
				</div>
		<div class="elementor-element elementor-element-59e11a1 e-con-full e-flex e-con e-child" data-id="59e11a1" data-element_type="container" data-e-type="container">
				<div class="elementor-element elementor-element-047317c elementor-widget elementor-widget-image" data-id="047317c" data-element_type="widget" data-e-type="widget" data-widget_type="image.default">
				<div class="elementor-widget-container">
															<img decoding="async" width="150" height="150" src="https://katedra.sk/versenyek/wp-content/uploads/2023/09/Kapcsolat_Toth_Tibor-150x150.jpg" class="attachment-thumbnail size-thumbnail wp-image-476" alt="" srcset="https://katedra.sk/versenyek/wp-content/uploads/2023/09/Kapcsolat_Toth_Tibor-150x150.jpg 150w, https://katedra.sk/versenyek/wp-content/uploads/2023/09/Kapcsolat_Toth_Tibor-300x300.jpg 300w, https://katedra.sk/versenyek/wp-content/uploads/2023/09/Kapcsolat_Toth_Tibor-80x80.jpg 80w, https://katedra.sk/versenyek/wp-content/uploads/2023/09/Kapcsolat_Toth_Tibor.jpg 500w" sizes="(max-width: 150px) 100vw, 150px" />															</div>
				</div>
		<div class="elementor-element elementor-element-fc39d34 e-con-full e-flex e-con e-child" data-id="fc39d34" data-element_type="container" data-e-type="container">
				<div class="elementor-element elementor-element-04e8fbf elementor-widget elementor-widget-heading" data-id="04e8fbf" data-element_type="widget" data-e-type="widget" data-widget_type="heading.default">
				<div class="elementor-widget-container">
					<h4 class="elementor-heading-title elementor-size-default">Mgr. Tóth Tibor</h4>				</div>
				</div>
				<div class="elementor-element elementor-element-c5ba4c7 elementor-widget elementor-widget-text-editor" data-id="c5ba4c7" data-element_type="widget" data-e-type="widget" data-widget_type="text-editor.default">
				<div class="elementor-widget-container">
									<p>Komáromban dolgozom az Eötvös Utcai Alapiskola történelem–földrajz szakos tanáraként 2011-től. Ekkor még felkészítő tanárként vettem részt a Vámbéry Ármin Földrajzversenyek fordulóin. A helyzet a 2015/2016-os tanévtől változott, ugyanis akkor vállaltam el a verseny koordinálását és a feladatok elkészítését. Történelem és földrajz szakos tanárként fontosnak látom, hogy a gyerekek minden tudományterületet érintő, széleskörű ismeretekkel gazdagodjanak, mellette pedig a kreatív oldalukat is fejlődésre bírjuk. Ezt a nézetemet igyekszem a verseny feladatai során is közvetíteni a versenyző diákok és felkészítő tanáraik felé.</p>								</div>
				</div>
				<div class="elementor-element elementor-element-1db583b bekuldes elementor-widget elementor-widget-text-editor" data-id="1db583b" data-element_type="widget" data-e-type="widget" data-widget_type="text-editor.default">
				<div class="elementor-widget-container">
									<p>Mgr. Tóth Tibor<br />Rákócziho 36/34,<br />94501 Komárno</p><p>(a borítékra írják rá: <em>Vámbéry Ármin Földrajzverseny</em>)</p>								</div>
				</div>
				<div class="elementor-element elementor-element-73446f5 elementor-icon-list--layout-traditional elementor-list-item-link-full_width elementor-widget elementor-widget-icon-list" data-id="73446f5" data-element_type="widget" data-e-type="widget" data-widget_type="icon-list.default">
				<div class="elementor-widget-container">
							<ul class="elementor-icon-list-items">
							<li class="elementor-icon-list-item">
											<a href="mailto:vambery.​armin.​foldrajzverseny@​gmail.​com">

												<span class="elementor-icon-list-icon">
							<i aria-hidden="true" class="far fa-envelope"></i>						</span>
										<span class="elementor-icon-list-text">vambery.​armin.​foldrajzverseny@​gmail.​com</span>
											</a>
									</li>
						</ul>
						</div>
				</div>
				</div>
				</div>
				</div>
				</div>
