{"id":342,"date":"2023-09-02T15:36:58","date_gmt":"2023-09-02T13:36:58","guid":{"rendered":"http:\/\/katedra.akrisagency.eu\/?post_type=irodalomverseny&#038;p=342"},"modified":"2026-08-26T19:21:32","modified_gmt":"2026-08-26T17:21:32","slug":"segedanyag-ii-kategoria","status":"publish","type":"irodalomverseny","link":"https:\/\/katedra.sk\/versenyek\/irodalomverseny\/segedanyag-ii-kategoria\/","title":{"rendered":"Seg\u00e9danyag &#8211; II. KATEG\u00d3RIA"},"content":{"rendered":"\t\t<div data-elementor-type=\"wp-post\" data-elementor-id=\"342\" class=\"elementor elementor-342\" data-elementor-post-type=\"irodalomverseny\">\n\t\t\t\t<div class=\"elementor-element elementor-element-90d2a69 e-con-full e-flex e-con e-parent\" data-id=\"90d2a69\" data-element_type=\"container\" data-e-type=\"container\">\n\t\t\t\t<div class=\"elementor-element elementor-element-3f2c6b7 elementor-widget elementor-widget-html\" data-id=\"3f2c6b7\" data-element_type=\"widget\" data-e-type=\"widget\" data-widget_type=\"html.default\">\n\t\t\t\t<div class=\"elementor-widget-container\">\n\t\t\t\t\tA\u00a0versenyhez aj\u00e1nlott seg\u00e9danyagokat szeptembert\u0151l kezdve fokozatosan tessz\u00fck k\u00f6zz\u00e9.\t\t\t\t<\/div>\n\t\t\t\t<\/div>\n\t\t\t\t<\/div>\n\t\t\t\t<\/div>\n\t\t","protected":false},"featured_media":0,"parent":0,"menu_order":0,"template":"","class_list":["post-342","irodalomverseny","type-irodalomverseny","status-publish","hentry"],"acf":[],"_links":{"self":[{"href":"https:\/\/katedra.sk\/versenyek\/wp-json\/wp\/v2\/irodalomverseny\/342","targetHints":{"allow":["GET"]}}],"collection":[{"href":"https:\/\/katedra.sk\/versenyek\/wp-json\/wp\/v2\/irodalomverseny"}],"about":[{"href":"https:\/\/katedra.sk\/versenyek\/wp-json\/wp\/v2\/types\/irodalomverseny"}],"version-history":[{"count":13,"href":"https:\/\/katedra.sk\/versenyek\/wp-json\/wp\/v2\/irodalomverseny\/342\/revisions"}],"predecessor-version":[{"id":9528,"href":"https:\/\/katedra.sk\/versenyek\/wp-json\/wp\/v2\/irodalomverseny\/342\/revisions\/9528"}],"wp:attachment":[{"href":"https:\/\/katedra.sk\/versenyek\/wp-json\/wp\/v2\/media?parent=342"}],"curies":[{"name":"wp","href":"https:\/\/api.w.org\/{rel}","templated":true}]}}

Segédanyag &#8211; II. KATEGÓRIA

<div data-elementor-type="wp-post" data-elementor-id="342" class="elementor elementor-342" data-elementor-post-type="irodalomverseny">
				<div class="elementor-element elementor-element-90d2a69 e-con-full e-flex e-con e-parent" data-id="90d2a69" data-element_type="container" data-e-type="container">
				<div class="elementor-element elementor-element-3f2c6b7 elementor-widget elementor-widget-html" data-id="3f2c6b7" data-element_type="widget" data-e-type="widget" data-widget_type="html.default">
				<div class="elementor-widget-container">
					A versenyhez ajánlott segédanyagokat szeptembertől kezdve fokozatosan tesszük közzé.				</div>
				</div>
				</div>
				</div>
