{"id":3177,"date":"2024-03-25T14:27:47","date_gmt":"2024-03-25T13:27:47","guid":{"rendered":"https:\/\/katedra.sk\/versenyek\/?page_id=3177"},"modified":"2024-03-25T14:33:44","modified_gmt":"2024-03-25T13:33:44","slug":"archivum-2019-2020","status":"publish","type":"page","link":"https:\/\/katedra.sk\/versenyek\/archivum-2019-2020\/","title":{"rendered":"Arch\u00edvum \u2013 2019-2020"},"content":{"rendered":"\t\t<div data-elementor-type=\"wp-page\" data-elementor-id=\"3177\" class=\"elementor elementor-3177\" data-elementor-post-type=\"page\">\n\t\t\t\t<div class=\"elementor-element elementor-element-4270d068 e-flex e-con-boxed e-con e-child\" data-id=\"4270d068\" data-element_type=\"container\" data-e-type=\"container\">\n\t\t\t\t\t<div class=\"e-con-inner\">\n\t\t\t\t<div class=\"elementor-element elementor-element-c7828e1 elementor-widget elementor-widget-html\" data-id=\"c7828e1\" data-element_type=\"widget\" data-e-type=\"widget\" data-widget_type=\"html.default\">\n\t\t\t\t<div class=\"elementor-widget-container\">\n\t\t\t\t\t<script>\r\n\/* Control the Elementor Tabs from the URL\r\n* Code from https:\/\/element.how\/elementor-open-specific-tab-toggle-accordion\/\r\n* Copyright 2023 Element.how\r\n* Updated 2023\/12\/05\r\n*\/\r\nwindow.addEventListener('load', () => {\r\nsetTimeout(function () {\r\n\r\nlet scrollOffset = 100; \/* scroll offset from the top of title *\/\r\n\r\nconst tabsAccordionToggleTitles = document.querySelectorAll('.e-n-accordion-item-title, .e-n-tab-title, .elementor-tab-title');\r\n\r\nconst clickTitleWithAnchor = (anchor) => {\r\ntabsAccordionToggleTitles.forEach(title => {\r\nif (title.querySelector(`#${anchor}`) != null || title.id === anchor || (title.closest('details') && title.closest('details').id === anchor)) {\r\nif (title.getAttribute('aria-expanded') !== 'true' && !title.classList.contains('elementor-active')) title.click();\r\nlet timing = 0;\r\nlet scrollTarget = title;\r\nif (getComputedStyle(title.closest('.elementor-element')).getPropertyValue('--n-tabs-direction') == 'row') scrollTarget = title.closest('.elementor-element');\r\nif (title.closest('.e-n-accordion, .elementor-accordion-item, .elementor-toggle-item')) {\r\ntiming = 400;\r\n}\r\nsetTimeout(function () {\r\njQuery('html, body').animate({\r\nscrollTop: jQuery(scrollTarget).offset().top - scrollOffset,\r\n}, 'slow');\r\n}, timing);\r\n}\r\n});\r\n};\r\n\r\ndocument.addEventListener('click', (event) => {\r\nif (event.target.closest('a') && event.target.closest('a').href.includes('#')) {\r\nconst anchor = extractAnchor(event.target.closest('a').href);\r\nif (anchor && isAnchorInTitles(anchor, tabsAccordionToggleTitles)) {\r\nevent.preventDefault();\r\nclickTitleWithAnchor(anchor);\r\n}\r\n}\r\n});\r\n\r\nconst currentAnchor = extractAnchor(window.location.href);\r\nif (currentAnchor) {\r\nclickTitleWithAnchor(currentAnchor);\r\n}\r\n\r\nfunction extractAnchor(url) {\r\nconst match = url.match(\/#([^?]+)\/);\r\nreturn match ? match[1] : null;\r\n};\r\n\r\nfunction isAnchorInTitles(anchor, titles) {\r\nreturn Array.from(titles).some(title => {\r\nreturn title.querySelector(`#${anchor}`) !== null || title.id === anchor || (title.closest('details') && title.closest('details').id === anchor);\r\n});\r\n};\r\n\r\n}, 300);\r\n});\r\n<\/script>\t\t\t\t<\/div>\n\t\t\t\t<\/div>\n\t\t\t\t<div class=\"elementor-element elementor-element-636d92a4 e-n-tabs-mobile elementor-widget elementor-widget-n-tabs\" data-id=\"636d92a4\" data-element_type=\"widget\" data-e-type=\"widget\" data-settings=\"{&quot;tabs_justify_horizontal&quot;:&quot;start&quot;,&quot;horizontal_scroll&quot;:&quot;disable&quot;}\" data-widget_type=\"nested-tabs.default\">\n\t\t\t\t<div class=\"elementor-widget-container\">\n\t\t\t\t\t\t\t<div class=\"e-n-tabs\" data-widget-number=\"1668125348\" aria-label=\"Tabs. Open items with Enter or Space, close with Escape and navigate using the Arrow keys.\">\n\t\t\t<div class=\"e-n-tabs-heading\" role=\"tablist\">\n\t\t\t\t\t<button id=\"e-n-tab-title-16681253481\" data-tab-title-id=\"e-n-tab-title-16681253481\" class=\"e-n-tab-title\" aria-selected=\"true\" data-tab-index=\"1\" role=\"tab\" tabindex=\"0\" aria-controls=\"e-n-tab-content-16681253481\" style=\"--n-tabs-title-order: 1;\">\n\t\t\t\t\t\t<span class=\"e-n-tab-title-text\">\n\t\t\t\t2019 - 2020<span id=\"2019\"><\/span>\t\t\t<\/span>\n\t\t<\/button>\n\t\t\t\t\t<\/div>\n\t\t\t<div class=\"e-n-tabs-content\">\n\t\t\t\t<div id=\"e-n-tab-content-16681253481\" role=\"tabpanel\" aria-labelledby=\"e-n-tab-title-16681253481\" data-tab-index=\"1\" style=\"--n-tabs-title-order: 1;\" class=\"e-active elementor-element elementor-element-f603595 e-con-full e-flex e-con e-child\" data-id=\"f603595\" data-element_type=\"container\" data-e-type=\"container\">\n\t\t<div class=\"elementor-element elementor-element-6f0942db e-con-full e-flex e-con e-child\" data-id=\"6f0942db\" data-element_type=\"container\" data-e-type=\"container\">\n\t\t\t\t<div class=\"elementor-element elementor-element-205a220a elementor-widget elementor-widget-heading\" data-id=\"205a220a\" data-element_type=\"widget\" data-e-type=\"widget\" data-widget_type=\"heading.default\">\n\t\t\t\t<div class=\"elementor-widget-container\">\n\t\t\t\t\t<span class=\"elementor-heading-title elementor-size-default\"><a href=\"https:\/\/katedra.sk\/versenyek\/wp-content\/uploads\/archivum\/2019-2020\/2020_04.pdf\" target=\"_blank\">Versenyek-2020-04 (let\u00f6lt\u00e9s)<\/a><\/span>\t\t\t\t<\/div>\n\t\t\t\t<\/div>\n\t\t\t\t<div class=\"elementor-element elementor-element-1895b053 elementor-widget elementor-widget-image\" data-id=\"1895b053\" data-element_type=\"widget\" data-e-type=\"widget\" data-widget_type=\"image.default\">\n\t\t\t\t<div class=\"elementor-widget-container\">\n\t\t\t\t\t\t\t\t\t\t\t\t\t\t\t\t<a href=\"https:\/\/katedra.sk\/versenyek\/wp-content\/uploads\/archivum\/2019-2020\/2020_04.pdf\">\n\t\t\t\t\t\t\t<img fetchpriority=\"high\" decoding=\"async\" width=\"252\" height=\"350\" src=\"https:\/\/katedra.sk\/versenyek\/wp-content\/uploads\/2023\/11\/Versenyek-archiv-belyeg.jpg\" class=\"attachment-medium_large size-medium_large wp-image-1934\" alt=\"\" \/>\t\t\t\t\t\t\t\t<\/a>\n\t\t\t\t\t\t\t\t\t\t\t\t\t\t\t<\/div>\n\t\t\t\t<\/div>\n\t\t\t\t<\/div>\n\t\t<div class=\"elementor-element elementor-element-7317a034 e-con-full e-flex e-con e-child\" data-id=\"7317a034\" data-element_type=\"container\" data-e-type=\"container\">\n\t\t\t\t<div class=\"elementor-element elementor-element-66539e3e elementor-widget elementor-widget-heading\" data-id=\"66539e3e\" data-element_type=\"widget\" data-e-type=\"widget\" data-widget_type=\"heading.default\">\n\t\t\t\t<div class=\"elementor-widget-container\">\n\t\t\t\t\t<span class=\"elementor-heading-title elementor-size-default\"><a href=\"https:\/\/katedra.sk\/versenyek\/wp-content\/uploads\/archivum\/2019-2020\/2020_03.pdf\" target=\"_blank\">Versenyek-2020-03 (let\u00f6lt\u00e9s)<\/a><\/span>\t\t\t\t<\/div>\n\t\t\t\t<\/div>\n\t\t\t\t<div class=\"elementor-element elementor-element-7f53bab6 elementor-widget elementor-widget-image\" data-id=\"7f53bab6\" data-element_type=\"widget\" data-e-type=\"widget\" data-widget_type=\"image.default\">\n\t\t\t\t<div class=\"elementor-widget-container\">\n\t\t\t\t\t\t\t\t\t\t\t\t\t\t\t\t<a href=\"https:\/\/katedra.sk\/versenyek\/wp-content\/uploads\/archivum\/2019-2020\/2020_03.pdf\">\n\t\t\t\t\t\t\t<img fetchpriority=\"high\" decoding=\"async\" width=\"252\" height=\"350\" src=\"https:\/\/katedra.sk\/versenyek\/wp-content\/uploads\/2023\/11\/Versenyek-archiv-belyeg.jpg\" class=\"attachment-medium_large size-medium_large wp-image-1934\" alt=\"\" \/>\t\t\t\t\t\t\t\t<\/a>\n\t\t\t\t\t\t\t\t\t\t\t\t\t\t\t<\/div>\n\t\t\t\t<\/div>\n\t\t\t\t<\/div>\n\t\t<div class=\"elementor-element elementor-element-3eefb2d2 e-con-full e-flex e-con e-child\" data-id=\"3eefb2d2\" data-element_type=\"container\" data-e-type=\"container\">\n\t\t\t\t<div class=\"elementor-element elementor-element-20828f0e elementor-widget elementor-widget-heading\" data-id=\"20828f0e\" data-element_type=\"widget\" data-e-type=\"widget\" data-widget_type=\"heading.default\">\n\t\t\t\t<div class=\"elementor-widget-container\">\n\t\t\t\t\t<span class=\"elementor-heading-title elementor-size-default\"><a href=\"https:\/\/katedra.sk\/versenyek\/wp-content\/uploads\/archivum\/2019-2020\/2020_02.pdf\" target=\"_blank\">Versenyek-2020-02 (let\u00f6lt\u00e9s)<\/a><\/span>\t\t\t\t<\/div>\n\t\t\t\t<\/div>\n\t\t\t\t<div class=\"elementor-element elementor-element-4428286e elementor-widget elementor-widget-image\" data-id=\"4428286e\" data-element_type=\"widget\" data-e-type=\"widget\" data-widget_type=\"image.default\">\n\t\t\t\t<div class=\"elementor-widget-container\">\n\t\t\t\t\t\t\t\t\t\t\t\t\t\t\t\t<a href=\"https:\/\/katedra.sk\/versenyek\/wp-content\/uploads\/archivum\/2019-2020\/2020_02.pdf\">\n\t\t\t\t\t\t\t<img fetchpriority=\"high\" decoding=\"async\" width=\"252\" height=\"350\" src=\"https:\/\/katedra.sk\/versenyek\/wp-content\/uploads\/2023\/11\/Versenyek-archiv-belyeg.jpg\" class=\"attachment-medium_large size-medium_large wp-image-1934\" alt=\"\" \/>\t\t\t\t\t\t\t\t<\/a>\n\t\t\t\t\t\t\t\t\t\t\t\t\t\t\t<\/div>\n\t\t\t\t<\/div>\n\t\t\t\t<\/div>\n\t\t<div class=\"elementor-element elementor-element-1eafb598 e-con-full e-flex e-con e-child\" data-id=\"1eafb598\" data-element_type=\"container\" data-e-type=\"container\">\n\t\t\t\t<div class=\"elementor-element elementor-element-412a6a3e elementor-widget elementor-widget-heading\" data-id=\"412a6a3e\" data-element_type=\"widget\" data-e-type=\"widget\" data-widget_type=\"heading.default\">\n\t\t\t\t<div class=\"elementor-widget-container\">\n\t\t\t\t\t<span class=\"elementor-heading-title elementor-size-default\"><a href=\"https:\/\/katedra.sk\/versenyek\/wp-content\/uploads\/archivum\/2019-2020\/2020_01.pdf\" target=\"_blank\">Versenyek-2020-01 (let\u00f6lt\u00e9s)<\/a><\/span>\t\t\t\t<\/div>\n\t\t\t\t<\/div>\n\t\t\t\t<div class=\"elementor-element elementor-element-681434f5 elementor-widget elementor-widget-image\" data-id=\"681434f5\" data-element_type=\"widget\" data-e-type=\"widget\" data-widget_type=\"image.default\">\n\t\t\t\t<div class=\"elementor-widget-container\">\n\t\t\t\t\t\t\t\t\t\t\t\t\t\t\t\t<a href=\"https:\/\/katedra.sk\/versenyek\/wp-content\/uploads\/archivum\/2019-2020\/2020_01.pdf\">\n\t\t\t\t\t\t\t<img fetchpriority=\"high\" decoding=\"async\" width=\"252\" height=\"350\" src=\"https:\/\/katedra.sk\/versenyek\/wp-content\/uploads\/2023\/11\/Versenyek-archiv-belyeg.jpg\" class=\"attachment-medium_large size-medium_large wp-image-1934\" alt=\"\" \/>\t\t\t\t\t\t\t\t<\/a>\n\t\t\t\t\t\t\t\t\t\t\t\t\t\t\t<\/div>\n\t\t\t\t<\/div>\n\t\t\t\t<\/div>\n\t\t<div class=\"elementor-element elementor-element-6aa6a03e e-con-full e-flex e-con e-child\" data-id=\"6aa6a03e\" data-element_type=\"container\" data-e-type=\"container\">\n\t\t\t\t<div class=\"elementor-element elementor-element-39ddc0d4 elementor-widget elementor-widget-heading\" data-id=\"39ddc0d4\" data-element_type=\"widget\" data-e-type=\"widget\" data-widget_type=\"heading.default\">\n\t\t\t\t<div class=\"elementor-widget-container\">\n\t\t\t\t\t<span class=\"elementor-heading-title elementor-size-default\"><a href=\"https:\/\/katedra.sk\/versenyek\/wp-content\/uploads\/archivum\/2019-2020\/2019_12.pdf\" target=\"_blank\">Versenyek-2019-12 (let\u00f6lt\u00e9s)<\/a><\/span>\t\t\t\t<\/div>\n\t\t\t\t<\/div>\n\t\t\t\t<div class=\"elementor-element elementor-element-3d8d3a76 elementor-widget elementor-widget-image\" data-id=\"3d8d3a76\" data-element_type=\"widget\" data-e-type=\"widget\" data-widget_type=\"image.default\">\n\t\t\t\t<div class=\"elementor-widget-container\">\n\t\t\t\t\t\t\t\t\t\t\t\t\t\t\t\t<a href=\"https:\/\/katedra.sk\/versenyek\/wp-content\/uploads\/archivum\/2019-2020\/2019_12.pdf\">\n\t\t\t\t\t\t\t<img fetchpriority=\"high\" decoding=\"async\" width=\"252\" height=\"350\" src=\"https:\/\/katedra.sk\/versenyek\/wp-content\/uploads\/2023\/11\/Versenyek-archiv-belyeg.jpg\" class=\"attachment-medium_large size-medium_large wp-image-1934\" alt=\"\" \/>\t\t\t\t\t\t\t\t<\/a>\n\t\t\t\t\t\t\t\t\t\t\t\t\t\t\t<\/div>\n\t\t\t\t<\/div>\n\t\t\t\t<\/div>\n\t\t<div class=\"elementor-element elementor-element-331d6a47 e-con-full e-flex e-con e-child\" data-id=\"331d6a47\" data-element_type=\"container\" data-e-type=\"container\">\n\t\t\t\t<div class=\"elementor-element elementor-element-2636b6d6 elementor-widget elementor-widget-heading\" data-id=\"2636b6d6\" data-element_type=\"widget\" data-e-type=\"widget\" data-widget_type=\"heading.default\">\n\t\t\t\t<div class=\"elementor-widget-container\">\n\t\t\t\t\t<span class=\"elementor-heading-title elementor-size-default\"><a href=\"https:\/\/katedra.sk\/versenyek\/wp-content\/uploads\/archivum\/2019-2020\/2019_11.pdf\" target=\"_blank\">Versenyek-2019-11 (let\u00f6lt\u00e9s)<\/a><\/span>\t\t\t\t<\/div>\n\t\t\t\t<\/div>\n\t\t\t\t<div class=\"elementor-element elementor-element-253c746e elementor-widget elementor-widget-image\" data-id=\"253c746e\" data-element_type=\"widget\" data-e-type=\"widget\" data-widget_type=\"image.default\">\n\t\t\t\t<div class=\"elementor-widget-container\">\n\t\t\t\t\t\t\t\t\t\t\t\t\t\t\t\t<a href=\"https:\/\/katedra.sk\/versenyek\/wp-content\/uploads\/archivum\/2019-2020\/2019_11.pdf\">\n\t\t\t\t\t\t\t<img fetchpriority=\"high\" decoding=\"async\" width=\"252\" height=\"350\" src=\"https:\/\/katedra.sk\/versenyek\/wp-content\/uploads\/2023\/11\/Versenyek-archiv-belyeg.jpg\" class=\"attachment-medium_large size-medium_large wp-image-1934\" alt=\"\" \/>\t\t\t\t\t\t\t\t<\/a>\n\t\t\t\t\t\t\t\t\t\t\t\t\t\t\t<\/div>\n\t\t\t\t<\/div>\n\t\t\t\t<\/div>\n\t\t<div class=\"elementor-element elementor-element-18b31390 e-con-full e-flex e-con e-child\" data-id=\"18b31390\" data-element_type=\"container\" data-e-type=\"container\">\n\t\t\t\t<div class=\"elementor-element elementor-element-483a9e5e elementor-widget elementor-widget-heading\" data-id=\"483a9e5e\" data-element_type=\"widget\" data-e-type=\"widget\" data-widget_type=\"heading.default\">\n\t\t\t\t<div class=\"elementor-widget-container\">\n\t\t\t\t\t<span class=\"elementor-heading-title elementor-size-default\"><a href=\"https:\/\/katedra.sk\/versenyek\/wp-content\/uploads\/archivum\/2019-2020\/2019_10.pdf\" target=\"_blank\">Versenyek-2019-10 (let\u00f6lt\u00e9s)<\/a><\/span>\t\t\t\t<\/div>\n\t\t\t\t<\/div>\n\t\t\t\t<div class=\"elementor-element elementor-element-253c0c2c elementor-widget elementor-widget-image\" data-id=\"253c0c2c\" data-element_type=\"widget\" data-e-type=\"widget\" data-widget_type=\"image.default\">\n\t\t\t\t<div class=\"elementor-widget-container\">\n\t\t\t\t\t\t\t\t\t\t\t\t\t\t\t\t<a href=\"https:\/\/katedra.sk\/versenyek\/wp-content\/uploads\/archivum\/2019-2020\/2019_10.pdf\">\n\t\t\t\t\t\t\t<img fetchpriority=\"high\" decoding=\"async\" width=\"252\" height=\"350\" src=\"https:\/\/katedra.sk\/versenyek\/wp-content\/uploads\/2023\/11\/Versenyek-archiv-belyeg.jpg\" class=\"attachment-medium_large size-medium_large wp-image-1934\" alt=\"\" \/>\t\t\t\t\t\t\t\t<\/a>\n\t\t\t\t\t\t\t\t\t\t\t\t\t\t\t<\/div>\n\t\t\t\t<\/div>\n\t\t\t\t<\/div>\n\t\t<div class=\"elementor-element elementor-element-48e09b86 e-con-full e-flex e-con e-child\" data-id=\"48e09b86\" data-element_type=\"container\" data-e-type=\"container\">\n\t\t\t\t<div class=\"elementor-element elementor-element-398b5c3a elementor-widget elementor-widget-heading\" data-id=\"398b5c3a\" data-element_type=\"widget\" data-e-type=\"widget\" data-widget_type=\"heading.default\">\n\t\t\t\t<div class=\"elementor-widget-container\">\n\t\t\t\t\t<span class=\"elementor-heading-title elementor-size-default\"><a href=\"https:\/\/katedra.sk\/versenyek\/wp-content\/uploads\/archivum\/2019-2020\/2019_09.pdf\" target=\"_blank\">Versenyek-2019-09 (let\u00f6lt\u00e9s)<\/a><\/span>\t\t\t\t<\/div>\n\t\t\t\t<\/div>\n\t\t\t\t<div class=\"elementor-element elementor-element-9e349b9 elementor-widget elementor-widget-image\" data-id=\"9e349b9\" data-element_type=\"widget\" data-e-type=\"widget\" data-widget_type=\"image.default\">\n\t\t\t\t<div class=\"elementor-widget-container\">\n\t\t\t\t\t\t\t\t\t\t\t\t\t\t\t\t<a href=\"https:\/\/katedra.sk\/versenyek\/wp-content\/uploads\/archivum\/2019-2020\/2019_09.pdf\">\n\t\t\t\t\t\t\t<img fetchpriority=\"high\" decoding=\"async\" width=\"252\" height=\"350\" src=\"https:\/\/katedra.sk\/versenyek\/wp-content\/uploads\/2023\/11\/Versenyek-archiv-belyeg.jpg\" class=\"attachment-medium_large size-medium_large wp-image-1934\" alt=\"\" \/>\t\t\t\t\t\t\t\t<\/a>\n\t\t\t\t\t\t\t\t\t\t\t\t\t\t\t<\/div>\n\t\t\t\t<\/div>\n\t\t\t\t<\/div>\n\t\t\t\t<\/div>\n\t\t\t\t\t<\/div>\n\t\t<\/div>\n\t\t\t\t\t\t<\/div>\n\t\t\t\t<\/div>\n\t\t\t\t\t<\/div>\n\t\t\t\t<\/div>\n\t\t\t\t<\/div>\n\t\t","protected":false},"excerpt":{"rendered":"<p>2019 &#8211; 2020 Versenyek-2020-04 (let\u00f6lt\u00e9s) Versenyek-2020-03 (let\u00f6lt\u00e9s) Versenyek-2020-02 (let\u00f6lt\u00e9s) Versenyek-2020-01 (let\u00f6lt\u00e9s) Versenyek-2019-12 (let\u00f6lt\u00e9s) Versenyek-2019-11 (let\u00f6lt\u00e9s) Versenyek-2019-10 (let\u00f6lt\u00e9s) Versenyek-2019-09 (let\u00f6lt\u00e9s) Versenyek-2020-04 (let\u00f6lt\u00e9s) Versenyek-2020-03 (let\u00f6lt\u00e9s) Versenyek-2020-02 (let\u00f6lt\u00e9s) Versenyek-2020-01 (let\u00f6lt\u00e9s) Versenyek-2019-12 (let\u00f6lt\u00e9s) Versenyek-2019-11 (let\u00f6lt\u00e9s) Versenyek-2019-10 (let\u00f6lt\u00e9s) Versenyek-2019-09 (let\u00f6lt\u00e9s)<\/p>\n","protected":false},"author":2,"featured_media":0,"parent":0,"menu_order":0,"comment_status":"closed","ping_status":"closed","template":"","meta":{"_acf_changed":false,"footnotes":""},"class_list":["post-3177","page","type-page","status-publish","hentry"],"acf":[],"_links":{"self":[{"href":"https:\/\/katedra.sk\/versenyek\/wp-json\/wp\/v2\/pages\/3177","targetHints":{"allow":["GET"]}}],"collection":[{"href":"https:\/\/katedra.sk\/versenyek\/wp-json\/wp\/v2\/pages"}],"about":[{"href":"https:\/\/katedra.sk\/versenyek\/wp-json\/wp\/v2\/types\/page"}],"author":[{"embeddable":true,"href":"https:\/\/katedra.sk\/versenyek\/wp-json\/wp\/v2\/users\/2"}],"replies":[{"embeddable":true,"href":"https:\/\/katedra.sk\/versenyek\/wp-json\/wp\/v2\/comments?post=3177"}],"version-history":[{"count":4,"href":"https:\/\/katedra.sk\/versenyek\/wp-json\/wp\/v2\/pages\/3177\/revisions"}],"predecessor-version":[{"id":3184,"href":"https:\/\/katedra.sk\/versenyek\/wp-json\/wp\/v2\/pages\/3177\/revisions\/3184"}],"wp:attachment":[{"href":"https:\/\/katedra.sk\/versenyek\/wp-json\/wp\/v2\/media?parent=3177"}],"curies":[{"name":"wp","href":"https:\/\/api.w.org\/{rel}","templated":true}]}}